 + c?
53
In base 5, what is 243023 + 0?
243023
In base 12, what is -5 + -62?
-67
In base 10, what is 115 + -14?
101
In base 13, what is 2 - 5cc?
-5ca
In base 11, what is 19a - -17?
206
In base 2, what is 1 - 1000100001?
-1000100000
In base 12, what is 1 + 2ab?
2b0
In base 11, what is -1 + -6?
-7
In base 13, what is 4 - -87?
8b
In base 10, what is 5627 - 2?
5625
In base 11, what is -4 + 34?
30
In base 4, what is 111 + 12?
123
In base 6, what is 11 - -31?
42
In base 2, what is -110 - 11010?
-100000
In base 2, what is 1 - 1010010001?
-1010010000
In base 14, what is -4 - 3705?
-3709
In base 9, what is 242 + -30?
212
In base 10, what is -5 - 257?
-262
In base 11, what is 5 + -520?
-516
In base 2, what is -11000 - 1000011?
-1011011
In base 12, what is -1 - -17?
16
In base 4, what is -2 + 333023?
333021
In base 6, what is -30023 - -10?
-30013
In base 15, what is 0 - 15b?
-15b
In base 13, what is 61 - 60?
1
In base 3, what is -11 - -10221?
10210
In base 6, what is 5 - 114?
-105
In base 2, what is -111011 + -1010?
-1000101
In base 13, what is 2 - 1a47?
-1a45
In base 4, what is 130303 + 10?
130313
In base 3, what is -200 - -12?
-111
In base 11, what is 1 + -219?
-218
In base 12, what is 4 - -1150?
1154
In base 16, what is -99 - -e?
-8b
In base 2, what is -101001 + -10010111?
-11000000
In base 10, what is -23 + -632?
-655
In base 3, what is -102220 - 2?
-102222
In base 12, what is 1b7 + 2?
1b9
In base 12, what is -5 - -75?
70
In base 7, what is -3031 - 0?
-3031
In base 9, what is -67 + -5?
-73
In base 5, what is -2 + -204?
-211
In base 16, what is a + 9f6?
a00
In base 8, what is -60 + -5?
-65
In base 2, what is 110010001110 + 101?
110010010011
In base 13, what is -7 + -a8?
-b2
In base 11, what is 3 + -230?
-228
In base 5, what is 424 + 0?
424
In base 4, what is 10 - -110?
120
In base 14, what is -3 - 69a?
-69d
In base 16, what is f - -24?
33
In base 12, what is -3 + 5?
2
In base 9, what is -2574 + -2?
-2576
In base 11, what is 5 - 680?
-676
In base 3, what is 1 + -121?
-120
In base 11, what is 4 - 12?
-9
In base 11, what is 19 - -2?
20
In base 12, what is -3a1 + 3?
-39a
In base 15, what is -31 + -7?
-38
In base 10, what is 149 - 26?
123
In base 8, what is -1353 - 11?
-1364
In base 10, what is -5 - 5?
-10
In base 7, what is -1 - 14654?
-14655
In base 14, what is 3 - 66?
-63
In base 11, what is 213 - -2?
215
In base 15, what is 2 - 1c?
-1a
In base 8, what is 3 - -4241?
4244
In base 13, what is -5 - 42a?
-432
In base 3, what is -20 + -100222?
-101012
In base 3, what is 2011221 - 10?
2011211
In base 2, what is 101 - 100?
1
In base 13, what is 3 - -119?
11c
In base 11, what is -8251 + -1?
-8252
In base 12, what is -319 + -3?
-320
In base 6, what is 3101 + -5?
3052
In base 11, what is -1 + -268?
-269
In base 8, what is -324 + 22?
-302
In base 6, what is -152 - 1?
-153
In base 12, what is -45 - -1?
-44
In base 7, what is 143 - 122?
21
In base 14, what is 326 - 3?
323
In base 6, what is -221 - -5?
-212
In base 10, what is 38 + -40?
-2
In base 9, what is 3 + 5373?
5376
In base 7, what is -35 + -3130?
-3165
In base 14, what is 124 + -3?
121
In base 16, what is 4 - 60?
-5c
In base 2, what is -1000100 - 101?
-1001001
In base 12, what is 50 - -5?
55
In base 5, what is 3 - 340?
-332
In base 2, what is 11 + -110000101?
-110000010
In base 13, what is 6 + 12?
18
In base 4, what is -1330 + 10?
-1320
In base 15, what is 0 + -1d?
-1d
In base 9, what is 17 + 1177?
1205
In base 14, what is -4 - -8c?
88
In base 2, what is 1110101010 - -100?
1110101110
In base 12, what is 38 + -97?
-5b
In base 12, what is 1407 + -3?
1404
In base 8, what is 3615 + -5?
3610
In base 15, what is c + 78?
85
In base 10, what is -6 + -3225?
-3231
In base 3, what is -10 - 11211?
-11221
In base 14, what is -2 - 1c8b?
-1c8d
In base 14, what is 0 + 12?
12
In base 6, what is -22 - 0?
-22
In base 6, what is 23 + 1242?
1305
In base 8, what is 211 + -2?
207
In base 15, what is -1c + -1?
-1d
In base 2, what is -10101100000111 + -100?
-10101100001011
In base 2, what is 11 - 11011110101?
-11011110010
In base 11, what is -10a - -98?
-22
In base 5, what is 2 - -333?
340
In base 12, what is -268 + -4?
-270
In base 11, what is 155 + -2?
153
In base 5, what is -4 - -11004?
11000
In base 14, what is -a7 + 19?
-8c
In base 12, what is 7 - 346?
-33b
In base 14, what is -5 + 36b?
366
In base 9, what is -10 + 1?
-8
In base 16, what is -a7 - -2?
-a5
In base 6, what is -40 + -110?
-150
In base 11, what is 4 + -3708?
-3704
In base 3, what is -11101 - -11?
-11020
In base 9, what is 4772 - 2?
4770
In base 7, what is -16 - 0?
-16
In base 11, what is -a4 + -123?
-217
In base 7, what is -3 + 1604?
1601
In base 7, what is 2124 + -6?
2115
In base 7, what is 15 - 3?
12
In base 15, what is -2 + 9d?
9b
In base 13, what is 5 - -1c9?
201
In base 16, what is -44 - -34?
-10
In base 16, what is 5 - 29?
-24
In base 4, what is -10 - -13003?
12333
In base 5, what is -102 + -1041?
-1143
In base 10, what is -475 + 5?
-470
In base 15, what is -39 - 8c?
-c6
In base 11, what is 708 - -1?
709
In base 7, what is -63 + 21?
-42
In base 13, what is a12 + -4?
a0b
In base 6, what is -2 - 433?
-435
In base 6, what is 433 - -5?
442
In base 15, what is 5 - -81?
86
In base 7, what is -5 - -136?
131
In base 2, what is 111101110 + -1?
111101101
In base 13, what is 5 + -999?
-994
In base 8, what is 3160 + -5?
3153
In base 6, what is 215055 - -2?
215101
In base 14, what is -2 - -90?
8c
In base 15, what is -2 - -8db?
8d9
In base 11, what is 13a8 - -3?
1400
In base 2, what is -11 - -1110000?
1101101
In base 16, what is -1df - 2?
-1e1
In base 9, what is 0 + -7?
-7
In base 14, what is -4 - -59?
55
In base 10, what is -4 - 354?
-358
In base 10, what is -24205 + -2?
-24207
In base 16, what is bd2 - 6?
bcc
In base 2, what is -1100101 + -101000?
-10001101
In base 6, what is -1 + 0?
-1
In base 2, what is 100 - 1111?
-1011
In base 8, what is 0 - -10077?
10077
In base 3, what is 11 + 202102?
202120
In base 10, what is -4 + -55?
-59
In base 7, what is -15 - -5?
-10
In base 8, what is -5 - -60?
53
In base 14, what is 5 + -164d?
-1648
In base 9, what is 2085 + 2?
2087
In base 15, what is -1e86 + 3?
-1e83
In base 7, what is -24 - -362?
335
In base 2, what is -10110101 + 100?
-10110001
In base 13, what is -2 - 119?
-11b
In base 14, what is 1 - -2d?
30
In base 5, what is 441 - -40?
1031
In base 2, what is -10111 - 11011?
-110010
In base 10, what is 38 - 1126?
-1088
In base 6, what is -15 - -23?
4
In base 13, what is 89 - 3?
86
In base 6, what is -11 + -120?
-131
In base 8, what is 64 - -147?
233
In base 7, what is 341 - -2?
343
In base 9, what is 8236 + 0?
8236
In base 13, what is 6 + 3278?
3281
In base 2, what is -1100 - 10100?
-100000
In base 9, what is 1 + 35?
36
In base 5, what is -2 - 3202?
-3204
In base 13, what is 1887 + -1?
1886
In base 13, what is 14 - -28b?
2a2
In base 12, what is -40a3 + -4?
-40a7
In base 13, what is 645 + -8?
63a
In base 16, what is 4 - 136?
-132
In base 8, what is -5 - -1321?
1314
In base 15, what is -8 + -32?
-3a
In base 14, what is 196 + -4?
192
In base 13, what is 1 + -b2?
-b1
In base 12, what is 8 + -255?
-249
In base 6, what is -325 + -2?
-331
In base 9, what is 3 + 438?
442
In base 14, what is -c + -5d0?
-5dc
In base 14, what is 26a - -16?
282
In base 8, what is 35 - 3?
32
In base 12, what is -4 - 32?
-36
In base 10, what is 70 - 104?
-34
In base 10, what is 6 - -7?
13
In base 9, what is 368 - 10?
358
In base 5, what is -12 + 221?
204
In base 14, what is -1d + 2?
-1b
In base 5, what is -2 + 313?
311
In base 11, what is -1 + 4a10?
4a0a
In base 8, what is -62 - 251?
-333
In base 11, what is 8 + a?
17
In base 16, what is -19 - -2?
-17
In base 2, what is 110011011 - 11?
110011000
In base 10, what is -3608 + -1?
-3609
In base 7, what is -3 - 453?
-456
In base 8, what is 2 - -364?
366
In base 4, what is -1032133 + 1?
-1032132
In base 16, what is 76e + -4?
76a
In base 16, what is 3 + 7b0?
7b3
In base 4, what is -20 + -1111?
-1131
In base 4, what is -101 - 1222?
-1323
In base 6, what is 3114 - 0?
3114
In base 4, what is -11102 + 3?
-11033
In base 3, what is -1001 + -120201?
-121202
In base 9, what is 3 - -46?
50
In base 13, what is 0 - 33?
-33
In base 11, what is 119 - -3?
121
In base 5, what is 4 + 1410?
1414
In base 2, what is 10011 + 110011?
10